{"id":842,"date":"2013-03-14T00:00:32","date_gmt":"2013-03-14T00:00:32","guid":{"rendered":"http:\/\/www.ciblemut.net\/cible\/?page_id=842"},"modified":"2022-06-28T17:16:15","modified_gmt":"2022-06-28T15:16:15","slug":"mentions-legales","status":"publish","type":"page","link":"https:\/\/ciblemut.net\/cible\/mentions-legales\/","title":{"rendered":"Mentions l\u00e9gales"},"content":{"rendered":"<!--themify_builder_content-->\n<div id=\"themify_builder_content-842\" data-postid=\"842\" class=\"themify_builder_content themify_builder_content-842 themify_builder tf_clear\">\n                    <div  data-lazy=\"1\" class=\"module_row themify_builder_row tb_wyze198 tb_first tf_w\">\n            <span  class=\"builder_row_cover tf_abs\" data-lazy=\"1\"><\/span>            <div class=\"row_inner col_align_top tb_col_count_2 tf_box tf_rel\">\n                        <div  data-lazy=\"1\" class=\"module_column tb-column col4-2 tb_wrlj800 first\">\n                    <!-- module text -->\n<div  class=\"module module-text tb_0u9q660   \" data-lazy=\"1\">\n        <div  class=\"tb_text_wrap\">\n        <h3>PROPRI\u00c9T\u00c9 DU SITE<\/h3>    <\/div>\n<\/div>\n<!-- \/module text -->        <\/div>\n                    <div  data-lazy=\"1\" class=\"module_column tb-column col4-2 tb_yd1o985 last\">\n                    <!-- module text -->\n<div  class=\"module module-text tb_vwlh989   \" data-lazy=\"1\">\n        <div  class=\"tb_text_wrap\">\n        <p>Vous \u00eates actuellement connect\u00e9 au site internet <a href=\"https:\/\/ciblemut.net\">www.ciblemut.net<\/a>, propri\u00e9t\u00e9 de la soci\u00e9t\u00e9 CIBLEMUT.<\/p>    <\/div>\n<\/div>\n<!-- \/module text -->        <\/div>\n                        <\/div>\n        <\/div>\n                        <div  data-lazy=\"1\" class=\"module_row themify_builder_row tb_6sms870 tf_w\">\n            <span  class=\"builder_row_cover tf_abs\" data-lazy=\"1\"><\/span>            <div class=\"row_inner col_align_top tb_col_count_2 tf_box tf_rel\">\n                        <div  data-lazy=\"1\" class=\"module_column tb-column col4-2 tb_exw4279 first\">\n                    <!-- module image -->\n<div  class=\"module module-image tb_8jdw908 image-top   tf_mw\" data-lazy=\"1\">\n        <div class=\"image-wrap tf_rel tf_mw\">\n            <img loading=\"lazy\" decoding=\"async\" src=\"https:\/\/www.ciblemut.net\/cible\/wp-content\/uploads\/2013\/03\/NewLogo-2016.png\" width=\"242\" height=\"72\" title=\"Mentions l\u00e9gales\" alt=\"Mentions l\u00e9gales\">    \n        <\/div>\n    <!-- \/image-wrap -->\n    \n        <\/div>\n<!-- \/module image -->        <\/div>\n                    <div  data-lazy=\"1\" class=\"module_column tb-column col4-2 tb_49xp806 last\">\n                    <!-- module text -->\n<div  class=\"module module-text tb_5981999   \" data-lazy=\"1\">\n        <div  class=\"tb_text_wrap\">\n        <p>SARL au capital de 22 500 euros<br>RCS ANTIBES 515 382 703 00038<br>N\u00b0 de d\u00e9claration aupr\u00e8s de la CNIL : 2003101 v0.<\/p>    <\/div>\n<\/div>\n<!-- \/module text -->        <\/div>\n                        <\/div>\n        <\/div>\n                        <div  data-lazy=\"1\" class=\"module_row themify_builder_row tb_s8cw999 tf_w\">\n            <span  class=\"builder_row_cover tf_abs\" data-lazy=\"1\"><\/span>            <div class=\"row_inner col_align_top tb_col_count_2 tf_box tf_rel\">\n                        <div  data-lazy=\"1\" class=\"module_column tb-column col4-2 tb_4m12000 first\">\n                    <!-- module text -->\n<div  class=\"module module-text tb_9zq4180   \" data-lazy=\"1\">\n        <div  class=\"tb_text_wrap\">\n        <h3>SI\u00c8GE SOCIAL<\/h3>    <\/div>\n<\/div>\n<!-- \/module text -->        <\/div>\n                    <div  data-lazy=\"1\" class=\"module_column tb-column col4-2 tb_kb5f800 last\">\n                    <!-- module text -->\n<div  class=\"module module-text tb_seib803  repeat \" data-lazy=\"1\">\n        <div  class=\"tb_text_wrap\">\n        <p>520, All\u00e9e des colibris<\/p>\n<p>06410 BIOT<\/p>\n<p>06.61.58.83.51<br>Email : contact@ciblemut.net<\/p>    <\/div>\n<\/div>\n<!-- \/module text -->        <\/div>\n                        <\/div>\n        <\/div>\n                        <div  data-lazy=\"1\" class=\"module_row themify_builder_row tb_zbet000 tf_w\">\n            <span  class=\"builder_row_cover tf_abs\" data-lazy=\"1\"><\/span>            <div class=\"row_inner col_align_top tb_col_count_2 tf_box tf_rel\">\n                        <div  data-lazy=\"1\" class=\"module_column tb-column col4-2 tb_9018030 first\">\n                    <!-- module text -->\n<div  class=\"module module-text tb_ekco004   \" data-lazy=\"1\">\n        <div  class=\"tb_text_wrap\">\n        <h3>H\u00c9BERGEUR<\/h3>    <\/div>\n<\/div>\n<!-- \/module text -->        <\/div>\n                    <div  data-lazy=\"1\" class=\"module_column tb-column col4-2 tb_n2s6080 last\">\n                    <!-- module text -->\n<div  class=\"module module-text tb_abwz843   \" data-lazy=\"1\">\n        <div  class=\"tb_text_wrap\">\n        <p>SAS OVH<br\/>\n2 rue Kellermann \u2013 59100 Roubaix \u2013 France<br\/><br\/><\/p>    <\/div>\n<\/div>\n<!-- \/module text -->        <\/div>\n                        <\/div>\n        <\/div>\n                        <div  data-lazy=\"1\" class=\"module_row themify_builder_row tb_qwup000 tf_w\">\n            <span  class=\"builder_row_cover tf_abs\" data-lazy=\"1\"><\/span>            <div class=\"row_inner col_align_top tb_col_count_2 tf_box tf_rel\">\n                        <div  data-lazy=\"1\" class=\"module_column tb-column col4-2 tb_2th6000 first\">\n                    <!-- module text -->\n<div  class=\"module module-text tb_gi5u800  repeat \" data-lazy=\"1\">\n        <div  class=\"tb_text_wrap\">\n        <h3>DONN\u00c9ES PERSONNELLES<\/h3>    <\/div>\n<\/div>\n<!-- \/module text -->        <\/div>\n                    <div  data-lazy=\"1\" class=\"module_column tb-column col4-2 tb_7ep7380 last\">\n                    <!-- module text -->\n<div  class=\"module module-text tb_i35z008  repeat \" data-lazy=\"1\">\n        <div  class=\"tb_text_wrap\">\n        <ul>\n<li>Responsable de traitement : David Lama<\/li>\n<li>Les donn\u00e9es r\u00e9cup\u00e9r\u00e9es par le pr\u00e9sent site au travers des formulaires sont exclusivement destin\u00e9e \u00e0 usage interne \u00e0 la soci\u00e9t\u00e9. Elles ne sont en aucun cas vendues ou c\u00e9d\u00e9es \u00e0 quelque tiers que ce soit ou utilis\u00e9e \u00e0 d&rsquo;autres fins que celles pr\u00e9vues par lesdits formulaires.\u00a0<\/li>\n<li>Les donn\u00e9es r\u00e9cup\u00e9r\u00e9es par le pr\u00e9sent site au travers des formulaires sont conserv\u00e9es uniquement le temps de leur traitement.<\/li>\n<li>Pour toute question relative \u00e0 vos donn\u00e9es personnelles, vos droits d&rsquo;opposition, d&rsquo;acc\u00e8s et de rectification, vous pouvez contacter notre DPO Monsieur Fr\u00e9d\u00e9rick Ryckebusch, \u00e0 <em>dpo @ ciblemut.net<\/em><\/li>\n<\/ul>    <\/div>\n<\/div>\n<!-- \/module text -->        <\/div>\n                        <\/div>\n        <\/div>\n                        <div  data-lazy=\"1\" class=\"module_row themify_builder_row tb_22sv041 tf_w\">\n            <span  class=\"builder_row_cover tf_abs\" data-lazy=\"1\"><\/span>            <div class=\"row_inner col_align_top tb_col_count_2 tf_box tf_rel\">\n                        <div  data-lazy=\"1\" class=\"module_column tb-column col4-2 tb_f92m310 first\">\n                    <!-- module text -->\n<div  class=\"module module-text tb_ibpf308   \" data-lazy=\"1\">\n        <div  class=\"tb_text_wrap\">\n        <h3>AVERTISSEMENT<\/h3>    <\/div>\n<\/div>\n<!-- \/module text -->        <\/div>\n                    <div  data-lazy=\"1\" class=\"module_column tb-column col4-2 tb_l7zu420 last\">\n                    <!-- module text -->\n<div  class=\"module module-text tb_gbn8003   \" data-lazy=\"1\">\n        <div  class=\"tb_text_wrap\">\n        <p>Toute offre ou information contenue sur le site de <a href=\"https:\/\/www.ciblemut.net\">www.ciblemut.net<\/a> ne saurait avoir une valeur contractuelle.<\/p>    <\/div>\n<\/div>\n<!-- \/module text -->        <\/div>\n                        <\/div>\n        <\/div>\n                        <div  data-lazy=\"1\" class=\"module_row themify_builder_row tb_fwbl307 tf_w\">\n            <span  class=\"builder_row_cover tf_abs\" data-lazy=\"1\"><\/span>            <div class=\"row_inner col_align_top tb_col_count_2 tf_box tf_rel\">\n                        <div  data-lazy=\"1\" class=\"module_column tb-column col4-2 tb_3svb483 first\">\n                    <!-- module text -->\n<div  class=\"module module-text tb_z5jb005  repeat \" data-lazy=\"1\">\n        <div  class=\"tb_text_wrap\">\n        <h3>COOKIES<\/h3>    <\/div>\n<\/div>\n<!-- \/module text -->        <\/div>\n                    <div  data-lazy=\"1\" class=\"module_column tb-column col4-2 tb_tu5z507 last\">\n                    <!-- module text -->\n<div  class=\"module module-text tb_qgiv000  repeat \" data-lazy=\"1\">\n        <div  class=\"tb_text_wrap\">\n        <p>Le site ciblemut.net utilise des cookies dans le but d&rsquo;am\u00e9liorer la qualit\u00e9 de navigation et l&rsquo;exp\u00e9rience utilisateur. En continuant d&rsquo;acc\u00e9der au site vous acceptez l&rsquo;utilisation de ces cookies.<\/p>\n<p><code><a href=\"#\" class=\"cn-revoke-cookie cn-button-inline cn-revoke-inline\" title=\"Retirer mon consentement sur les cookies de ce site.\">Retirer mon consentement sur les cookies de ce site.<\/a><\/code><\/p>    <\/div>\n<\/div>\n<!-- \/module text -->        <\/div>\n                        <\/div>\n        <\/div>\n                        <div  data-lazy=\"1\" class=\"module_row themify_builder_row tb_ofvi930 tf_w\">\n            <span  class=\"builder_row_cover tf_abs\" data-lazy=\"1\"><\/span>            <div class=\"row_inner col_align_top tb_col_count_2 tf_box tf_rel\">\n                        <div  data-lazy=\"1\" class=\"module_column tb-column col4-2 tb_ihr8800 first\">\n                    <!-- module text -->\n<div  class=\"module module-text tb_60vq013   \" data-lazy=\"1\">\n        <div  class=\"tb_text_wrap\">\n        <h3>EXCLUSION DE GARANTIE ET DE RESPONSABILIT\u00c9<\/h3>    <\/div>\n<\/div>\n<!-- \/module text -->        <\/div>\n                    <div  data-lazy=\"1\" class=\"module_column tb-column col4-2 tb_704n080 last\">\n                    <!-- module text -->\n<div  class=\"module module-text tb_zo6d910   \" data-lazy=\"1\">\n        <div  class=\"tb_text_wrap\">\n        <p>L\u2019utilisateur du site web www.ciblemut.net reconna\u00eet avoir pris connaissance des pr\u00e9sentes conditions d\u2019utilisation du site et s\u2019engage \u00e0 les respecter.\nCIBLEMUT ne saurait \u00eatre tenue pour responsable des dommages directs ou indirects qui pourraient r\u00e9sulter de l\u2019acc\u00e8s au site ou de l\u2019utilisation du site et\/ou de ces informations, y compris l\u2019inaccessibilit\u00e9, les pertes de donn\u00e9es, d\u00e9t\u00e9riorations, destructions ou virus qui pourraient affecter l\u2019\u00e9quipement informatique de l\u2019utilisateur et\/ou de la pr\u00e9sence de virus sur son site.\nBien que CIBLEMUT s\u2019efforce de fournir un contenu fiable sur son site, il ne garantit pas que son contenu soit exempt d\u2019inexactitudes ou d\u2019omissions et ne saurait \u00eatre tenu pour responsable des erreurs ou omissions, d\u2019une absence de disponibilit\u00e9 des informations et des services. CIBLEMUT se r\u00e9serve \u00e0 tout moment et sans pr\u00e9avis le droit d\u2019apporter des am\u00e9liorations et\/ou des modifications au contenu de son site.\nEn cons\u00e9quence, l\u2019utilisateur reconna\u00eet se servir de ses informations sous sa responsabilit\u00e9 exclusive.<\/p>    <\/div>\n<\/div>\n<!-- \/module text -->        <\/div>\n                        <\/div>\n        <\/div>\n                        <div  data-lazy=\"1\" class=\"module_row themify_builder_row tb_hyxq032 tf_w\">\n            <span  class=\"builder_row_cover tf_abs\" data-lazy=\"1\"><\/span>            <div class=\"row_inner col_align_top tb_col_count_2 tf_box tf_rel\">\n                        <div  data-lazy=\"1\" class=\"module_column tb-column col4-2 tb_a6o6880 first\">\n                    <!-- module text -->\n<div  class=\"module module-text tb_8rt6320   \" data-lazy=\"1\">\n        <div  class=\"tb_text_wrap\">\n        <h3>LIENS VERS D\u2019AUTRES SITES<\/h3>    <\/div>\n<\/div>\n<!-- \/module text -->        <\/div>\n                    <div  data-lazy=\"1\" class=\"module_column tb-column col4-2 tb_erj3030 last\">\n                    <!-- module text -->\n<div  class=\"module module-text tb_pxjx008   \" data-lazy=\"1\">\n        <div  class=\"tb_text_wrap\">\n        <p>Le site peut inclure des liens vers d\u2019autres sites ou d\u2019autres sources Internet. Dans la mesure o\u00f9 CIBLEMUT ne peut contr\u00f4ler ces sites et ces sources externes, CIBLEMUT ne peut \u00eatre tenu pour responsable de la mise \u00e0 disposition de ces sites et sources externes, et d\u00e9cline ainsi toute responsabilit\u00e9 quant aux contenus, publicit\u00e9s, produits, services ou tout autre mat\u00e9riel disponible sur ou \u00e0 partir de ces sites ou sources externes. Ces liens sont propos\u00e9s aux utilisateurs du site www.ciblemut.net en tant que service. La d\u00e9cision d\u2019activer les liens vous appartient exclusivement.\nNous vous rappelons que les sites non-affili\u00e9s sont soumis \u00e0 leurs propres conditions d\u2019utilisation.<\/p>    <\/div>\n<\/div>\n<!-- \/module text -->        <\/div>\n                        <\/div>\n        <\/div>\n                        <div  data-lazy=\"1\" class=\"module_row themify_builder_row tb_ibsi003 tf_w\">\n            <span  class=\"builder_row_cover tf_abs\" data-lazy=\"1\"><\/span>            <div class=\"row_inner col_align_top tb_col_count_2 tf_box tf_rel\">\n                        <div  data-lazy=\"1\" class=\"module_column tb-column col4-2 tb_v7tu282 first\">\n                    <!-- module text -->\n<div  class=\"module module-text tb_wq10084   \" data-lazy=\"1\">\n        <div  class=\"tb_text_wrap\">\n        <h3>ENVIRONNEMENT TECHNIQUE<\/h3>    <\/div>\n<\/div>\n<!-- \/module text -->        <\/div>\n                    <div  data-lazy=\"1\" class=\"module_column tb-column col4-2 tb_3grj020 last\">\n                    <!-- module text -->\n<div  class=\"module module-text tb_fxao959  repeat \" data-lazy=\"1\">\n        <div  class=\"tb_text_wrap\">\n        <p><strong><em>Cr\u00e9dits photographies :<\/em><\/strong><\/p>\n<p><a href=\"http:\/\/commons.wikimedia.org\/wiki\/File:Oracle_Databases.jpg\" target=\"_blank\" rel=\"noopener\">Oracle Databases<\/a> par Tim Dobbelaere sous licence Creative Commons<\/p>\n<p><strong><em>Ic\u00f4nes, Logotypes :<\/em><\/strong><\/p>\n<p><a href=\"http:\/\/commons.wikimedia.org\/wiki\/File:Database-mysql.svg\" target=\"_blank\" rel=\"noopener\">MySQL Database<\/a> par RRZEicons sous licence Creative Commons<br \/><a href=\"http:\/\/commons.wikimedia.org\/wiki\/File:Php_elephant_logo.svg\" target=\"_blank\" rel=\"noopener\">Php Elephant Logo<\/a> par Camilo Sanchez sous licence Creative Commons<\/p>\n<p><a href=\"http:\/\/commons.wikimedia.org\/wiki\/File:Kohana-modules.png\" target=\"_blank\" rel=\"noopener\">Kohana modules<\/a> par Geert De Deckere sous licence Creative Commons<\/p>\n<p><a href=\"https:\/\/www.ciblemut.net\/cible\/wp-content\/uploads\/2013\/03\/Cible3D.png\"><img loading=\"lazy\" decoding=\"async\" class=\"alignleft size-full wp-image-1292\" src=\"https:\/\/www.ciblemut.net\/cible\/wp-content\/uploads\/2013\/03\/Cible3D.png\" alt=\"\" width=\"30\" height=\"22\" \/><\/a> Cible en 3D gracieusement r\u00e9alis\u00e9e sur son temps libre par <a href=\"http:\/\/www.3dvf.com\/dossier-949-1-sebastien-potet-rigger-character-td-chez-pdi-dreamworks.html\" target=\"_blank\" rel=\"noopener\">Sebastien Potet !<\/a><\/p>\n<p>Image RGPD concue \u00e0 partir de\u00a0<a href=\"https:\/\/commons.wikimedia.org\/wiki\/File:Flag_of_Europe.svg?uselang=fr\" target=\"_blank\" rel=\"noopener\">https:\/\/commons.wikimedia.org\/wiki\/File:Flag_of_Europe.svg?uselang=fr<\/a><\/p>\n<p>image s\u00e9curit\u00e9 RGPD :\u00a0<a href=\"https:\/\/www.freepik.com\/free-vector\/security-background-with-items-and-connected-lines_1138957.htm\" target=\"_blank\" rel=\"noopener\">Designed by Freepik<\/a><\/p>\n<p>image traitement RGPD :\u00a0<a href=\"https:\/\/www.freepik.com\/free-vector\/computer-icons-technology-background-vector-set_686009.htm\" target=\"_blank\" rel=\"noopener\">Designed by Freepik<\/a><\/p>\n<p>image confiance RGPD :\u00a0<a href=\"https:\/\/www.freepik.com\/free-vector\/partnership_1250625.htm\" target=\"_blank\" rel=\"noopener\">Designed by Freepik<\/a><\/p>\n<p>image UX RGPD :\u00a0<a href=\"https:\/\/www.freepik.com\/free-vector\/modern-web-design-concept-with-flat-design_2527119.htm\" target=\"_blank\" rel=\"noopener\">Designed by Freepik<\/a><\/p>\n<p><strong><em>Ressources diverses :<\/em><\/strong><br \/>Site r\u00e9alis\u00e9 \u00e0 l&rsquo;aide de <a href=\"https:\/\/fr.wordpress.org\/\" target=\"_blank\" rel=\"noopener\">Wordpress <\/a>et le framework <a href=\"https:\/\/themify.me\/\" target=\"_blank\" rel=\"noopener\">Themify<\/a><\/p>    <\/div>\n<\/div>\n<!-- \/module text -->        <\/div>\n                        <\/div>\n        <\/div>\n        <\/div>\n<!--\/themify_builder_content-->","protected":false},"excerpt":{"rendered":"<p>PROPRI\u00c9T\u00c9 DU SITE Vous \u00eates actuellement connect\u00e9 au site internet www.ciblemut.net, propri\u00e9t\u00e9 de la soci\u00e9t\u00e9 CIBLEMUT. SARL au capital de 22 500 eurosRCS ANTIBES 515 382 703 00038N\u00b0 de d\u00e9claration aupr\u00e8s de la CNIL : 2003101 v0. SI\u00c8GE SOCIAL 520, All\u00e9e des colibris 06410 BIOT 06.61.58.83.51Email : contact@ciblemut.net H\u00c9BERGEUR SAS OVH 2 rue Kellermann \u2013 [&hellip;]<\/p>\n","protected":false},"author":2,"featured_media":0,"parent":0,"menu_order":0,"comment_status":"closed","ping_status":"closed","template":"","meta":{"jetpack_post_was_ever_published":false,"footnotes":""},"class_list":["post-842","page","type-page","status-publish","hentry","has-post-title","has-post-date","has-post-category","has-post-tag","has-post-comment","has-post-author",""],"yoast_head":"<!-- This site is optimized with the Yoast SEO plugin v27.1 - https:\/\/yoast.com\/product\/yoast-seo-wordpress\/ -->\n<title>Mentions l\u00e9gales - Ciblemut<\/title>\n<meta name=\"robots\" content=\"index, follow, max-snippet:-1, max-image-preview:large, max-video-preview:-1\" \/>\n<link rel=\"canonical\" href=\"https:\/\/ciblemut.net\/cible\/mentions-legales\/\" \/>\n<meta property=\"og:locale\" content=\"fr_FR\" \/>\n<meta property=\"og:type\" content=\"article\" \/>\n<meta property=\"og:title\" content=\"Mentions l\u00e9gales - Ciblemut\" \/>\n<meta property=\"og:description\" content=\"PROPRI\u00c9T\u00c9 DU SITE Vous \u00eates actuellement connect\u00e9 au site internet www.ciblemut.net, propri\u00e9t\u00e9 de la soci\u00e9t\u00e9 CIBLEMUT. SARL au capital de 22 500 eurosRCS ANTIBES 515 382 703 00038N\u00b0 de d\u00e9claration aupr\u00e8s de la CNIL : 2003101 v0. SI\u00c8GE SOCIAL 520, All\u00e9e des colibris 06410 BIOT 06.61.58.83.51Email : contact@ciblemut.net H\u00c9BERGEUR SAS OVH 2 rue Kellermann \u2013 [&hellip;]\" \/>\n<meta property=\"og:url\" content=\"https:\/\/ciblemut.net\/cible\/mentions-legales\/\" \/>\n<meta property=\"og:site_name\" content=\"Ciblemut\" \/>\n<meta property=\"article:publisher\" content=\"https:\/\/www.facebook.com\/pages\/Ciblemut\/432850306794632\" \/>\n<meta property=\"article:modified_time\" content=\"2022-06-28T15:16:15+00:00\" \/>\n<meta property=\"og:image\" content=\"https:\/\/www.ciblemut.net\/cible\/wp-content\/uploads\/2013\/03\/NewLogo-2016.png\" \/>\n<meta name=\"twitter:label1\" content=\"Dur\u00e9e de lecture estim\u00e9e\" \/>\n\t<meta name=\"twitter:data1\" content=\"3 minutes\" \/>\n<script type=\"application\/ld+json\" class=\"yoast-schema-graph\">{\"@context\":\"https:\/\/schema.org\",\"@graph\":[{\"@type\":\"WebPage\",\"@id\":\"https:\/\/ciblemut.net\/cible\/mentions-legales\/\",\"url\":\"https:\/\/ciblemut.net\/cible\/mentions-legales\/\",\"name\":\"Mentions l\u00e9gales - Ciblemut\",\"isPartOf\":{\"@id\":\"https:\/\/ciblemut.net\/cible\/#website\"},\"primaryImageOfPage\":{\"@id\":\"https:\/\/ciblemut.net\/cible\/mentions-legales\/#primaryimage\"},\"image\":{\"@id\":\"https:\/\/ciblemut.net\/cible\/mentions-legales\/#primaryimage\"},\"thumbnailUrl\":\"https:\/\/www.ciblemut.net\/cible\/wp-content\/uploads\/2013\/03\/NewLogo-2016.png\",\"datePublished\":\"2013-03-14T00:00:32+00:00\",\"dateModified\":\"2022-06-28T15:16:15+00:00\",\"breadcrumb\":{\"@id\":\"https:\/\/ciblemut.net\/cible\/mentions-legales\/#breadcrumb\"},\"inLanguage\":\"fr-FR\",\"potentialAction\":[{\"@type\":\"ReadAction\",\"target\":[\"https:\/\/ciblemut.net\/cible\/mentions-legales\/\"]}]},{\"@type\":\"ImageObject\",\"inLanguage\":\"fr-FR\",\"@id\":\"https:\/\/ciblemut.net\/cible\/mentions-legales\/#primaryimage\",\"url\":\"https:\/\/www.ciblemut.net\/cible\/wp-content\/uploads\/2013\/03\/NewLogo-2016.png\",\"contentUrl\":\"https:\/\/www.ciblemut.net\/cible\/wp-content\/uploads\/2013\/03\/NewLogo-2016.png\"},{\"@type\":\"BreadcrumbList\",\"@id\":\"https:\/\/ciblemut.net\/cible\/mentions-legales\/#breadcrumb\",\"itemListElement\":[{\"@type\":\"ListItem\",\"position\":1,\"name\":\"Accueil\",\"item\":\"https:\/\/ciblemut.net\/cible\/\"},{\"@type\":\"ListItem\",\"position\":2,\"name\":\"Mentions l\u00e9gales\"}]},{\"@type\":\"WebSite\",\"@id\":\"https:\/\/ciblemut.net\/cible\/#website\",\"url\":\"https:\/\/ciblemut.net\/cible\/\",\"name\":\"Ciblemut\",\"description\":\"Viser la qualit\u00e9 de service\",\"potentialAction\":[{\"@type\":\"SearchAction\",\"target\":{\"@type\":\"EntryPoint\",\"urlTemplate\":\"https:\/\/ciblemut.net\/cible\/?s={search_term_string}\"},\"query-input\":{\"@type\":\"PropertyValueSpecification\",\"valueRequired\":true,\"valueName\":\"search_term_string\"}}],\"inLanguage\":\"fr-FR\"}]}<\/script>\n<!-- \/ Yoast SEO plugin. -->","yoast_head_json":{"title":"Mentions l\u00e9gales - Ciblemut","robots":{"index":"index","follow":"follow","max-snippet":"max-snippet:-1","max-image-preview":"max-image-preview:large","max-video-preview":"max-video-preview:-1"},"canonical":"https:\/\/ciblemut.net\/cible\/mentions-legales\/","og_locale":"fr_FR","og_type":"article","og_title":"Mentions l\u00e9gales - Ciblemut","og_description":"PROPRI\u00c9T\u00c9 DU SITE Vous \u00eates actuellement connect\u00e9 au site internet www.ciblemut.net, propri\u00e9t\u00e9 de la soci\u00e9t\u00e9 CIBLEMUT. SARL au capital de 22 500 eurosRCS ANTIBES 515 382 703 00038N\u00b0 de d\u00e9claration aupr\u00e8s de la CNIL : 2003101 v0. SI\u00c8GE SOCIAL 520, All\u00e9e des colibris 06410 BIOT 06.61.58.83.51Email : contact@ciblemut.net H\u00c9BERGEUR SAS OVH 2 rue Kellermann \u2013 [&hellip;]","og_url":"https:\/\/ciblemut.net\/cible\/mentions-legales\/","og_site_name":"Ciblemut","article_publisher":"https:\/\/www.facebook.com\/pages\/Ciblemut\/432850306794632","article_modified_time":"2022-06-28T15:16:15+00:00","og_image":[{"url":"https:\/\/www.ciblemut.net\/cible\/wp-content\/uploads\/2013\/03\/NewLogo-2016.png","type":"","width":"","height":""}],"twitter_misc":{"Dur\u00e9e de lecture estim\u00e9e":"3 minutes"},"schema":{"@context":"https:\/\/schema.org","@graph":[{"@type":"WebPage","@id":"https:\/\/ciblemut.net\/cible\/mentions-legales\/","url":"https:\/\/ciblemut.net\/cible\/mentions-legales\/","name":"Mentions l\u00e9gales - Ciblemut","isPartOf":{"@id":"https:\/\/ciblemut.net\/cible\/#website"},"primaryImageOfPage":{"@id":"https:\/\/ciblemut.net\/cible\/mentions-legales\/#primaryimage"},"image":{"@id":"https:\/\/ciblemut.net\/cible\/mentions-legales\/#primaryimage"},"thumbnailUrl":"https:\/\/www.ciblemut.net\/cible\/wp-content\/uploads\/2013\/03\/NewLogo-2016.png","datePublished":"2013-03-14T00:00:32+00:00","dateModified":"2022-06-28T15:16:15+00:00","breadcrumb":{"@id":"https:\/\/ciblemut.net\/cible\/mentions-legales\/#breadcrumb"},"inLanguage":"fr-FR","potentialAction":[{"@type":"ReadAction","target":["https:\/\/ciblemut.net\/cible\/mentions-legales\/"]}]},{"@type":"ImageObject","inLanguage":"fr-FR","@id":"https:\/\/ciblemut.net\/cible\/mentions-legales\/#primaryimage","url":"https:\/\/www.ciblemut.net\/cible\/wp-content\/uploads\/2013\/03\/NewLogo-2016.png","contentUrl":"https:\/\/www.ciblemut.net\/cible\/wp-content\/uploads\/2013\/03\/NewLogo-2016.png"},{"@type":"BreadcrumbList","@id":"https:\/\/ciblemut.net\/cible\/mentions-legales\/#breadcrumb","itemListElement":[{"@type":"ListItem","position":1,"name":"Accueil","item":"https:\/\/ciblemut.net\/cible\/"},{"@type":"ListItem","position":2,"name":"Mentions l\u00e9gales"}]},{"@type":"WebSite","@id":"https:\/\/ciblemut.net\/cible\/#website","url":"https:\/\/ciblemut.net\/cible\/","name":"Ciblemut","description":"Viser la qualit\u00e9 de service","potentialAction":[{"@type":"SearchAction","target":{"@type":"EntryPoint","urlTemplate":"https:\/\/ciblemut.net\/cible\/?s={search_term_string}"},"query-input":{"@type":"PropertyValueSpecification","valueRequired":true,"valueName":"search_term_string"}}],"inLanguage":"fr-FR"}]}},"jetpack_sharing_enabled":false,"_links":{"self":[{"href":"https:\/\/ciblemut.net\/cible\/wp-json\/wp\/v2\/pages\/842","targetHints":{"allow":["GET"]}}],"collection":[{"href":"https:\/\/ciblemut.net\/cible\/wp-json\/wp\/v2\/pages"}],"about":[{"href":"https:\/\/ciblemut.net\/cible\/wp-json\/wp\/v2\/types\/page"}],"author":[{"embeddable":true,"href":"https:\/\/ciblemut.net\/cible\/wp-json\/wp\/v2\/users\/2"}],"replies":[{"embeddable":true,"href":"https:\/\/ciblemut.net\/cible\/wp-json\/wp\/v2\/comments?post=842"}],"version-history":[{"count":21,"href":"https:\/\/ciblemut.net\/cible\/wp-json\/wp\/v2\/pages\/842\/revisions"}],"predecessor-version":[{"id":2380,"href":"https:\/\/ciblemut.net\/cible\/wp-json\/wp\/v2\/pages\/842\/revisions\/2380"}],"wp:attachment":[{"href":"https:\/\/ciblemut.net\/cible\/wp-json\/wp\/v2\/media?parent=842"}],"curies":[{"name":"wp","href":"https:\/\/api.w.org\/{rel}","templated":true}]}}