{"id":731,"date":"2013-03-11T10:32:28","date_gmt":"2013-03-11T10:32:28","guid":{"rendered":"http:\/\/www.ciblemut.net\/cible\/?page_id=731"},"modified":"2018-11-27T21:06:48","modified_gmt":"2018-11-27T20:06:48","slug":"sqlcible","status":"publish","type":"page","link":"https:\/\/ciblemut.net\/cible\/sqlcible\/","title":{"rendered":"SqlCible"},"content":{"rendered":"<!--themify_builder_content-->\n<div id=\"themify_builder_content-731\" data-postid=\"731\" class=\"themify_builder_content themify_builder_content-731 themify_builder tf_clear\">\n                    <div  data-lazy=\"1\" class=\"module_row themify_builder_row tb_42651bb tb_first tf_w\">\n                        <div class=\"row_inner col_align_top tb_col_count_2 tf_box tf_rel\">\n                        <div  data-lazy=\"1\" class=\"module_column tb-column col4-1 tb_8380415 first\">\n                    <!-- module image -->\n<div  class=\"module module-image tb_630d997 image-center   tf_mw wow\" data-tf-animation=\"bounceInDown\" data-lazy=\"1\">\n        <div class=\"image-wrap tf_rel tf_mw\">\n            <img loading=\"lazy\" decoding=\"async\" src=\"https:\/\/www.ciblemut.net\/cible\/wp-content\/uploads\/2013\/03\/BoiteSqlCible.png\" width=\"220\" height=\"337\" title=\"SqlCible\" alt=\"SqlCible\">    \n        <\/div>\n    <!-- \/image-wrap -->\n    \n        <\/div>\n<!-- \/module image -->        <\/div>\n                    <div  data-lazy=\"1\" class=\"module_column tb-column col4-3 tb_cd5c159 last\">\n                    <!-- module text -->\n<div  class=\"module module-text tb_26f3779   \" data-lazy=\"1\">\n        <div  class=\"tb_text_wrap\">\n        <h3>Le SQL enfin \u00e0 la port\u00e9e de tous !<\/h3>\n<p>SqlCible est un outil vous permettant d\u2019exploiter facilement des requ\u00eates SQL. Simple d\u2019utilisation, il permet de cr\u00e9er, d\u2019organiser, de distribuer requ\u00eates et r\u00e9sultats aux diff\u00e9rents utilisateurs en fonction de leur niveaux.<\/p>    <\/div>\n<\/div>\n<!-- \/module text --><!-- module video -->\n<div  class=\"module module-video tb_528975f video-overlay  \" data-lazy=\"1\">\n                    <div class=\"video-wrap-outer\" style=\"max-width:640px\">\n            <div class=\"video-wrap tf_rel tf_overflow tf_local_video\">\n                \n                    \n                    <div style=\"width: 640px;\" class=\"wp-video\"><video class=\"wp-video-shortcode\" id=\"video-731-1\" width=\"640\" height=\"360\" preload=\"metadata\" controls=\"controls\"><source type=\"video\/mp4\" src=\"https:\/\/www.ciblemut.net\/cible\/wp-content\/uploads\/2017\/02\/SqlCible-Requeteur.mp4?_=1\" \/><a href=\"https:\/\/www.ciblemut.net\/cible\/wp-content\/uploads\/2017\/02\/SqlCible-Requeteur.mp4\">https:\/\/www.ciblemut.net\/cible\/wp-content\/uploads\/2017\/02\/SqlCible-Requeteur.mp4<\/a><\/video><\/div>\n                    \n                                <\/div>\n            <!-- \/video-wrap -->\n        <\/div>\n        <!-- \/video-wrap-outer -->\n            <\/div>\n        <\/div>\n                        <\/div>\n        <\/div>\n                        <div  data-lazy=\"1\" class=\"module_row themify_builder_row tb_6f931a3 tf_w\">\n                        <div class=\"row_inner col_align_top tb_col_count_1 tf_box tf_rel\">\n                        <div  data-lazy=\"1\" class=\"module_column tb-column col-full tb_aa9a5b0 first\">\n                    <!-- module text -->\n<div  class=\"module module-text tb_09e8142   \" data-lazy=\"1\">\n        <div  class=\"tb_text_wrap\">\n        <h3>Fonctionnalit\u00e9s<\/h3>\n<p>\n<ul>\n<li>Deux modes d\u2019utilisation :<\/li>\n<ul>\n<li>Conception des requ\u00eates<\/li>\n<li>Exploitation des requ\u00eates<\/li>\n<\/ul>\n\n<li>Int\u00e9gr\u00e9 \u00e0 Mutcible dans sa version \u2018exploitation\u2019<\/li>\n<li>Conception visuelle et assist\u00e9 \u00e0 l\u2019aide d\u2019\u00e9crans interactifs<\/li>\n<li>V\u00e9ritable gestionnaire de requ\u00eates : vous pouvez les sauvegarder en les organisant en groupes logiques<\/li>\n<li>Extraction des r\u00e9sultats au format Excel (.csv)<\/li>\n<li>Administration de la s\u00e9curit\u00e9 : possibilit\u00e9 de distribuer des requ\u00eates dans les deux modes d\u2019utilisation en fonction de droits sp\u00e9cifiques<\/li>\n<li>Technologie ODBC : vous pouvez acc\u00e9der \u00e0 n\u2019importe quelle base de donn\u00e9es compatible ODBC.<\/li>\n<\/ul>\n<\/p>    <\/div>\n<\/div>\n<!-- \/module text -->        <\/div>\n                        <\/div>\n        <\/div>\n        <\/div>\n<!--\/themify_builder_content-->","protected":false},"excerpt":{"rendered":"<p>Le SQL enfin \u00e0 la port\u00e9e de tous ! SqlCible est un outil vous permettant d\u2019exploiter facilement des requ\u00eates SQL. Simple d\u2019utilisation, il permet de cr\u00e9er, d\u2019organiser, de distribuer requ\u00eates et r\u00e9sultats aux diff\u00e9rents utilisateurs en fonction de leur niveaux. https:\/\/www.ciblemut.net\/cible\/wp-content\/uploads\/2017\/02\/SqlCible-Requeteur.mp4 Fonctionnalit\u00e9s Deux modes d\u2019utilisation : Conception des requ\u00eates Exploitation des requ\u00eates Int\u00e9gr\u00e9 \u00e0 Mutcible [&hellip;]<\/p>\n","protected":false},"author":1,"featured_media":0,"parent":0,"menu_order":0,"comment_status":"closed","ping_status":"open","template":"","meta":{"jetpack_post_was_ever_published":false,"footnotes":""},"class_list":["post-731","page","type-page","status-publish","hentry","has-post-title","has-post-date","has-post-category","has-post-tag","has-post-comment","has-post-author",""],"yoast_head":"<!-- This site is optimized with the Yoast SEO plugin v27.1 - https:\/\/yoast.com\/product\/yoast-seo-wordpress\/ -->\n<title>SqlCible - Ciblemut<\/title>\n<meta name=\"robots\" content=\"index, follow, max-snippet:-1, max-image-preview:large, max-video-preview:-1\" \/>\n<link rel=\"canonical\" href=\"https:\/\/ciblemut.net\/cible\/sqlcible\/\" \/>\n<meta property=\"og:locale\" content=\"fr_FR\" \/>\n<meta property=\"og:type\" content=\"article\" \/>\n<meta property=\"og:title\" content=\"SqlCible - Ciblemut\" \/>\n<meta property=\"og:description\" content=\"Le SQL enfin \u00e0 la port\u00e9e de tous ! SqlCible est un outil vous permettant d\u2019exploiter facilement des requ\u00eates SQL. Simple d\u2019utilisation, il permet de cr\u00e9er, d\u2019organiser, de distribuer requ\u00eates et r\u00e9sultats aux diff\u00e9rents utilisateurs en fonction de leur niveaux. https:\/\/www.ciblemut.net\/cible\/wp-content\/uploads\/2017\/02\/SqlCible-Requeteur.mp4 Fonctionnalit\u00e9s Deux modes d\u2019utilisation : Conception des requ\u00eates Exploitation des requ\u00eates Int\u00e9gr\u00e9 \u00e0 Mutcible [&hellip;]\" \/>\n<meta property=\"og:url\" content=\"https:\/\/ciblemut.net\/cible\/sqlcible\/\" \/>\n<meta property=\"og:site_name\" content=\"Ciblemut\" \/>\n<meta property=\"article:publisher\" content=\"https:\/\/www.facebook.com\/pages\/Ciblemut\/432850306794632\" \/>\n<meta property=\"article:modified_time\" content=\"2018-11-27T20:06:48+00:00\" \/>\n<meta property=\"og:image\" content=\"https:\/\/www.ciblemut.net\/cible\/wp-content\/uploads\/2013\/03\/BoiteSqlCible.png\" \/>\n<meta name=\"twitter:label1\" content=\"Dur\u00e9e de lecture estim\u00e9e\" \/>\n\t<meta name=\"twitter:data1\" content=\"1 minute\" \/>\n<script type=\"application\/ld+json\" class=\"yoast-schema-graph\">{\"@context\":\"https:\/\/schema.org\",\"@graph\":[{\"@type\":\"WebPage\",\"@id\":\"https:\/\/ciblemut.net\/cible\/sqlcible\/\",\"url\":\"https:\/\/ciblemut.net\/cible\/sqlcible\/\",\"name\":\"SqlCible - Ciblemut\",\"isPartOf\":{\"@id\":\"https:\/\/ciblemut.net\/cible\/#website\"},\"primaryImageOfPage\":{\"@id\":\"https:\/\/ciblemut.net\/cible\/sqlcible\/#primaryimage\"},\"image\":{\"@id\":\"https:\/\/ciblemut.net\/cible\/sqlcible\/#primaryimage\"},\"thumbnailUrl\":\"https:\/\/www.ciblemut.net\/cible\/wp-content\/uploads\/2013\/03\/BoiteSqlCible.png\",\"datePublished\":\"2013-03-11T10:32:28+00:00\",\"dateModified\":\"2018-11-27T20:06:48+00:00\",\"breadcrumb\":{\"@id\":\"https:\/\/ciblemut.net\/cible\/sqlcible\/#breadcrumb\"},\"inLanguage\":\"fr-FR\",\"potentialAction\":[{\"@type\":\"ReadAction\",\"target\":[\"https:\/\/ciblemut.net\/cible\/sqlcible\/\"]}]},{\"@type\":\"ImageObject\",\"inLanguage\":\"fr-FR\",\"@id\":\"https:\/\/ciblemut.net\/cible\/sqlcible\/#primaryimage\",\"url\":\"https:\/\/www.ciblemut.net\/cible\/wp-content\/uploads\/2013\/03\/BoiteSqlCible.png\",\"contentUrl\":\"https:\/\/www.ciblemut.net\/cible\/wp-content\/uploads\/2013\/03\/BoiteSqlCible.png\"},{\"@type\":\"BreadcrumbList\",\"@id\":\"https:\/\/ciblemut.net\/cible\/sqlcible\/#breadcrumb\",\"itemListElement\":[{\"@type\":\"ListItem\",\"position\":1,\"name\":\"Accueil\",\"item\":\"https:\/\/ciblemut.net\/cible\/\"},{\"@type\":\"ListItem\",\"position\":2,\"name\":\"SqlCible\"}]},{\"@type\":\"WebSite\",\"@id\":\"https:\/\/ciblemut.net\/cible\/#website\",\"url\":\"https:\/\/ciblemut.net\/cible\/\",\"name\":\"Ciblemut\",\"description\":\"Viser la qualit\u00e9 de service\",\"potentialAction\":[{\"@type\":\"SearchAction\",\"target\":{\"@type\":\"EntryPoint\",\"urlTemplate\":\"https:\/\/ciblemut.net\/cible\/?s={search_term_string}\"},\"query-input\":{\"@type\":\"PropertyValueSpecification\",\"valueRequired\":true,\"valueName\":\"search_term_string\"}}],\"inLanguage\":\"fr-FR\"}]}<\/script>\n<!-- \/ Yoast SEO plugin. -->","yoast_head_json":{"title":"SqlCible - Ciblemut","robots":{"index":"index","follow":"follow","max-snippet":"max-snippet:-1","max-image-preview":"max-image-preview:large","max-video-preview":"max-video-preview:-1"},"canonical":"https:\/\/ciblemut.net\/cible\/sqlcible\/","og_locale":"fr_FR","og_type":"article","og_title":"SqlCible - Ciblemut","og_description":"Le SQL enfin \u00e0 la port\u00e9e de tous ! SqlCible est un outil vous permettant d\u2019exploiter facilement des requ\u00eates SQL. Simple d\u2019utilisation, il permet de cr\u00e9er, d\u2019organiser, de distribuer requ\u00eates et r\u00e9sultats aux diff\u00e9rents utilisateurs en fonction de leur niveaux. https:\/\/www.ciblemut.net\/cible\/wp-content\/uploads\/2017\/02\/SqlCible-Requeteur.mp4 Fonctionnalit\u00e9s Deux modes d\u2019utilisation : Conception des requ\u00eates Exploitation des requ\u00eates Int\u00e9gr\u00e9 \u00e0 Mutcible [&hellip;]","og_url":"https:\/\/ciblemut.net\/cible\/sqlcible\/","og_site_name":"Ciblemut","article_publisher":"https:\/\/www.facebook.com\/pages\/Ciblemut\/432850306794632","article_modified_time":"2018-11-27T20:06:48+00:00","og_image":[{"url":"https:\/\/www.ciblemut.net\/cible\/wp-content\/uploads\/2013\/03\/BoiteSqlCible.png","type":"","width":"","height":""}],"twitter_misc":{"Dur\u00e9e de lecture estim\u00e9e":"1 minute"},"schema":{"@context":"https:\/\/schema.org","@graph":[{"@type":"WebPage","@id":"https:\/\/ciblemut.net\/cible\/sqlcible\/","url":"https:\/\/ciblemut.net\/cible\/sqlcible\/","name":"SqlCible - Ciblemut","isPartOf":{"@id":"https:\/\/ciblemut.net\/cible\/#website"},"primaryImageOfPage":{"@id":"https:\/\/ciblemut.net\/cible\/sqlcible\/#primaryimage"},"image":{"@id":"https:\/\/ciblemut.net\/cible\/sqlcible\/#primaryimage"},"thumbnailUrl":"https:\/\/www.ciblemut.net\/cible\/wp-content\/uploads\/2013\/03\/BoiteSqlCible.png","datePublished":"2013-03-11T10:32:28+00:00","dateModified":"2018-11-27T20:06:48+00:00","breadcrumb":{"@id":"https:\/\/ciblemut.net\/cible\/sqlcible\/#breadcrumb"},"inLanguage":"fr-FR","potentialAction":[{"@type":"ReadAction","target":["https:\/\/ciblemut.net\/cible\/sqlcible\/"]}]},{"@type":"ImageObject","inLanguage":"fr-FR","@id":"https:\/\/ciblemut.net\/cible\/sqlcible\/#primaryimage","url":"https:\/\/www.ciblemut.net\/cible\/wp-content\/uploads\/2013\/03\/BoiteSqlCible.png","contentUrl":"https:\/\/www.ciblemut.net\/cible\/wp-content\/uploads\/2013\/03\/BoiteSqlCible.png"},{"@type":"BreadcrumbList","@id":"https:\/\/ciblemut.net\/cible\/sqlcible\/#breadcrumb","itemListElement":[{"@type":"ListItem","position":1,"name":"Accueil","item":"https:\/\/ciblemut.net\/cible\/"},{"@type":"ListItem","position":2,"name":"SqlCible"}]},{"@type":"WebSite","@id":"https:\/\/ciblemut.net\/cible\/#website","url":"https:\/\/ciblemut.net\/cible\/","name":"Ciblemut","description":"Viser la qualit\u00e9 de service","potentialAction":[{"@type":"SearchAction","target":{"@type":"EntryPoint","urlTemplate":"https:\/\/ciblemut.net\/cible\/?s={search_term_string}"},"query-input":{"@type":"PropertyValueSpecification","valueRequired":true,"valueName":"search_term_string"}}],"inLanguage":"fr-FR"}]}},"jetpack_sharing_enabled":true,"_links":{"self":[{"href":"https:\/\/ciblemut.net\/cible\/wp-json\/wp\/v2\/pages\/731","targetHints":{"allow":["GET"]}}],"collection":[{"href":"https:\/\/ciblemut.net\/cible\/wp-json\/wp\/v2\/pages"}],"about":[{"href":"https:\/\/ciblemut.net\/cible\/wp-json\/wp\/v2\/types\/page"}],"author":[{"embeddable":true,"href":"https:\/\/ciblemut.net\/cible\/wp-json\/wp\/v2\/users\/1"}],"replies":[{"embeddable":true,"href":"https:\/\/ciblemut.net\/cible\/wp-json\/wp\/v2\/comments?post=731"}],"version-history":[{"count":1,"href":"https:\/\/ciblemut.net\/cible\/wp-json\/wp\/v2\/pages\/731\/revisions"}],"predecessor-version":[{"id":2168,"href":"https:\/\/ciblemut.net\/cible\/wp-json\/wp\/v2\/pages\/731\/revisions\/2168"}],"wp:attachment":[{"href":"https:\/\/ciblemut.net\/cible\/wp-json\/wp\/v2\/media?parent=731"}],"curies":[{"name":"wp","href":"https:\/\/api.w.org\/{rel}","templated":true}]}}