{"id":4,"date":"2016-08-03T12:30:04","date_gmt":"2016-08-03T12:30:04","guid":{"rendered":"https:\/\/themify.me\/demo\/themes\/ultra-agency\/?page_id=4"},"modified":"2023-04-15T15:47:17","modified_gmt":"2023-04-15T13:47:17","slug":"a-propos-moments-cles","status":"publish","type":"page","link":"https:\/\/ciblemut.net\/cible\/a-propos-moments-cles\/","title":{"rendered":"A-Propos &#8211; Moments cl\u00e9s"},"content":{"rendered":"<!--themify_builder_content-->\n<div id=\"themify_builder_content-4\" data-postid=\"4\" class=\"themify_builder_content themify_builder_content-4 themify_builder tf_clear\">\n                    <div  data-lazy=\"1\" class=\"module_row themify_builder_row tb_qwyv238 tb_first tf_w\">\n            <span  class=\"builder_row_cover tf_abs\" data-lazy=\"1\"><\/span>            <div class=\"row_inner col_align_top tb_col_count_1 tf_box tf_rel\">\n                        <div  data-lazy=\"1\" class=\"module_column tb-column col-full tb_fifi300 first\">\n                    <!-- module text -->\n<div  class=\"module module-text tb_y8hj855   \" data-lazy=\"1\">\n        <div  class=\"tb_text_wrap\">\n        <h1 style=\"margin-bottom: 0;\">A propos de nous<\/h1><h5>Ciblemut, votre partenaire et conseil pour votre solution informatique Mutuelle Sant\u00e9<\/h5>    <\/div>\n<\/div>\n<!-- \/module text -->        <\/div>\n                        <\/div>\n        <\/div>\n                        <div  data-css_id=\"et9x222\" data-lazy=\"1\" class=\"module_row themify_builder_row fullwidth_row_container tb_et9x222 tf_w\">\n                        <div class=\"row_inner col_align_top tb_col_count_1 tf_box tf_rel\">\n                        <div  data-lazy=\"1\" class=\"module_column tb-column col-full tb_ajpq022 first\">\n                    <!-- module text -->\n<div  class=\"module module-text tb_83he255   \" data-lazy=\"1\">\n        <div  class=\"tb_text_wrap\">\n        <h2>Quelques moments cl\u00e9s &#8230;<\/h2><p><\/p>    <\/div>\n<\/div>\n<!-- \/module text --><!-- module timeline -->\n<div  id=\"tb_rjlf844\" class=\"module tf_hidden tf_lazy module-timeline tb_rjlf844 layout-list \" data-lazy=\"1\">\n    <ul class=\"tf_rel\">\n\t\t\t<li id=\"timeline-0\" class=\"timeline-post without-icon \">\n\t\t\t<span class=\"module-timeline-date tf_box tf_textr\">\n\t\t\t\t\t  avril 2023\t\t\t<\/span>\n\t\t\t\t\t\t\t<div class=\"module-timeline-dot\"><\/div>\n\t\t\t\t\t\t\t<div class=\"module-timeline-content-wrap tf_box tf_right\">\n\t\t\t\t<div class=\"module-timeline-content\">\n\t\t\t\t\t\t\t\t\t\t\t<h2 class=\"module-timeline-title\">    \n\t\t\t\t\t\t\t\t\t\t\t\t\t\t\t\t   Expansion !\t\t\t\t\t\t\t   \t\t\t\t\t\t<\/h2>\n\t\t\t\t\t\t\t\t\t\t\t\t\t\t\t\t\t\t\t\t\t<div class=\"entry-content\" itemprop=\"articleBody\">\n\t\t\t\t\t\t\t\t <p>L&rsquo;\u00e9quipe s&rsquo;agrandit d&rsquo;une personne suppl\u00e9mentaire.<\/p>\t\t\t\t\t\t<\/div><!-- \/.entry-content -->\n\t\t\t\t\t\t\t\t\t<\/div><!-- \/.timeline-content -->\n\t\t\t<\/div><!-- \/.timeline-content-wrap -->\n\t\t<\/li>\n\t\t\t<li id=\"timeline-1\" class=\"timeline-post without-icon \">\n\t\t\t<span class=\"module-timeline-date tf_box tf_textr\">\n\t\t\t\t\t  2023\t\t\t<\/span>\n\t\t\t\t\t\t\t<div class=\"module-timeline-dot\"><\/div>\n\t\t\t\t\t\t\t<div class=\"module-timeline-content-wrap tf_box tf_right\">\n\t\t\t\t<div class=\"module-timeline-content\">\n\t\t\t\t\t\t\t\t\t\t\t<h2 class=\"module-timeline-title\">    \n\t\t\t\t\t\t\t\t\t\t\t\t\t\t\t\t   Nouveaux bureaux\t\t\t\t\t\t\t   \t\t\t\t\t\t<\/h2>\n\t\t\t\t\t\t\t\t\t\t\t\t\t\t\t\t\t\t\t\t\t<div class=\"entry-content\" itemprop=\"articleBody\">\n\t\t\t\t\t\t\t\t <p>Afin d&rsquo;accueillir de nouveaux collaborateurs, nous entrons dans les bureaux Emerald Square, rue Evariste Gallois chez Sundesk Biot !<\/p>\t\t\t\t\t\t<\/div><!-- \/.entry-content -->\n\t\t\t\t\t\t\t\t\t<\/div><!-- \/.timeline-content -->\n\t\t\t<\/div><!-- \/.timeline-content-wrap -->\n\t\t<\/li>\n\t\t\t<li id=\"timeline-2\" class=\"timeline-post without-icon \">\n\t\t\t<span class=\"module-timeline-date tf_box tf_textr\">\n\t\t\t\t\t  fin 2022\t\t\t<\/span>\n\t\t\t\t\t\t\t<div class=\"module-timeline-dot\"><\/div>\n\t\t\t\t\t\t\t<div class=\"module-timeline-content-wrap tf_box tf_right\">\n\t\t\t\t<div class=\"module-timeline-content\">\n\t\t\t\t\t\t\t\t\t\t\t<h2 class=\"module-timeline-title\">    \n\t\t\t\t\t\t\t\t\t\t\t\t\t\t\t\t   Module autonome d'adh\u00e9sion en ligne\t\t\t\t\t\t\t   \t\t\t\t\t\t<\/h2>\n\t\t\t\t\t\t\t\t\t\t\t\t\t\t\t\t\t\t\t\t\t<div class=\"entry-content\" itemprop=\"articleBody\">\n\t\t\t\t\t\t\t\t <p>Une exp\u00e9rience adh\u00e9rent simple et s\u00e9curis\u00e9e :<\/p>\n<ul>\n<li>Devis \u00e9clair\u00e9<\/li>\n<li>Adh\u00e9sion<\/li>\n<li>Signature du contrat<\/li>\n<li>Paiement en ligne<\/li>\n<\/ul>\t\t\t\t\t\t<\/div><!-- \/.entry-content -->\n\t\t\t\t\t\t\t\t\t<\/div><!-- \/.timeline-content -->\n\t\t\t<\/div><!-- \/.timeline-content-wrap -->\n\t\t<\/li>\n\t\t\t<li id=\"timeline-3\" class=\"timeline-post without-icon \">\n\t\t\t<span class=\"module-timeline-date tf_box tf_textr\">\n\t\t\t\t\t  mid 2022\t\t\t<\/span>\n\t\t\t\t\t\t\t<div class=\"module-timeline-dot\"><\/div>\n\t\t\t\t\t\t\t<div class=\"module-timeline-content-wrap tf_box tf_right\">\n\t\t\t\t<div class=\"module-timeline-content\">\n\t\t\t\t\t\t\t\t\t\t\t<h2 class=\"module-timeline-title\">    \n\t\t\t\t\t\t\t\t\t\t\t\t\t\t\t\t   Solutions d\u00e9mat\u00e9rialis\u00e9es\t\t\t\t\t\t\t   \t\t\t\t\t\t<\/h2>\n\t\t\t\t\t\t\t\t\t\t\t\t\t\t\t\t\t\t\t\t\t<div class=\"entry-content\" itemprop=\"articleBody\">\n\t\t\t\t\t\t\t\t <ul>\n<li>signature \u00e9lectronique<\/li>\n<li>paiement en ligne<\/li>\n<li>Eclair, l&rsquo;extranet client\u00a0<\/li>\n<\/ul>\t\t\t\t\t\t<\/div><!-- \/.entry-content -->\n\t\t\t\t\t\t\t\t\t<\/div><!-- \/.timeline-content -->\n\t\t\t<\/div><!-- \/.timeline-content-wrap -->\n\t\t<\/li>\n\t\t\t<li id=\"timeline-4\" class=\"timeline-post without-icon \">\n\t\t\t<span class=\"module-timeline-date tf_box tf_textr\">\n\t\t\t\t\t  2019 - 2020\t\t\t<\/span>\n\t\t\t\t\t\t\t<div class=\"module-timeline-dot\"><\/div>\n\t\t\t\t\t\t\t<div class=\"module-timeline-content-wrap tf_box tf_right\">\n\t\t\t\t<div class=\"module-timeline-content\">\n\t\t\t\t\t\t\t\t\t\t\t<h2 class=\"module-timeline-title\">    \n\t\t\t\t\t\t\t\t\t\t\t\t\t\t\t\t   Evolution\t\t\t\t\t\t\t   \t\t\t\t\t\t<\/h2>\n\t\t\t\t\t\t\t\t\t\t\t\t\t\t\t\t\t\t\t\t\t<div class=\"entry-content\" itemprop=\"articleBody\">\n\t\t\t\t\t\t\t\t <p>Mise en place d&rsquo;APIs pour consolider la site logicielle Mutcible :<\/p>\n<ul>\n<li>SMS (unitaires et en campagne)<\/li>\n<li>Emailing (campagnes)<\/li>\n<\/ul>\n<p>D\u00e9marrage de MutcibleConnect, l\u2019extranet d\u00e9di\u00e9 aux Adh\u00e9rents, Groupes, Courtiers et Professionnels de sant\u00e9.<\/p>\t\t\t\t\t\t<\/div><!-- \/.entry-content -->\n\t\t\t\t\t\t\t\t\t<\/div><!-- \/.timeline-content -->\n\t\t\t<\/div><!-- \/.timeline-content-wrap -->\n\t\t<\/li>\n\t\t\t<li id=\"timeline-5\" class=\"timeline-post without-icon \">\n\t\t\t<span class=\"module-timeline-date tf_box tf_textr\">\n\t\t\t\t\t  Avril 2019\t\t\t<\/span>\n\t\t\t\t\t\t\t<div class=\"module-timeline-dot\"><\/div>\n\t\t\t\t\t\t\t<div class=\"module-timeline-content-wrap tf_box tf_right\">\n\t\t\t\t<div class=\"module-timeline-content\">\n\t\t\t\t\t\t\t\t\t\t\t<h2 class=\"module-timeline-title\">    \n\t\t\t\t\t\t\t\t\t\t\t\t\t\t\t\t   Expansion !\t\t\t\t\t\t\t   \t\t\t\t\t\t<\/h2>\n\t\t\t\t\t\t\t\t\t\t\t\t\t\t\t\t\t\t\t\t\t<div class=\"entry-content\" itemprop=\"articleBody\">\n\t\t\t\t\t\t\t\t <p>L&rsquo;\u00e9quipe s\u2019agrandit d&rsquo;une personne suppl\u00e9mentaire !<\/p>\t\t\t\t\t\t<\/div><!-- \/.entry-content -->\n\t\t\t\t\t\t\t\t\t<\/div><!-- \/.timeline-content -->\n\t\t\t<\/div><!-- \/.timeline-content-wrap -->\n\t\t<\/li>\n\t\t\t<li id=\"timeline-6\" class=\"timeline-post without-icon \">\n\t\t\t<span class=\"module-timeline-date tf_box tf_textr\">\n\t\t\t\t\t  2018\t\t\t<\/span>\n\t\t\t\t\t\t\t<div class=\"module-timeline-dot\"><\/div>\n\t\t\t\t\t\t\t<div class=\"module-timeline-content-wrap tf_box tf_right\">\n\t\t\t\t<div class=\"module-timeline-content\">\n\t\t\t\t\t\t\t\t\t\t\t<h2 class=\"module-timeline-title\">    \n\t\t\t\t\t\t\t\t\t\t\t\t\t\t\t\t<a href=\"https:\/\/click.ciblemut.net\">click.ciblemut.net<\/a>\n\t\t\t\t\t\t\t   \t\t\t\t\t\t<\/h2>\n\t\t\t\t\t\t\t\t\t\t\t\t\t\t\t\t\t\t\t\t\t<div class=\"entry-content\" itemprop=\"articleBody\">\n\t\t\t\t\t\t\t\t <p>Cr\u00e9ation de notre propre agence web pour aider nos clients \u00e0 se positionner sur internet.<\/p>\n<p>Cr\u00e9ation d&rsquo;outils comme le r\u00e9ducteur de liens qui respecte la vie priv\u00e9e de ses utilisateurs : <a href=\"https:\/\/cpar.la\/\">https:\/\/cpar.la\/<\/a><\/p>\t\t\t\t\t\t<\/div><!-- \/.entry-content -->\n\t\t\t\t\t\t\t\t\t<\/div><!-- \/.timeline-content -->\n\t\t\t<\/div><!-- \/.timeline-content-wrap -->\n\t\t<\/li>\n\t\t\t<li id=\"timeline-7\" class=\"timeline-post without-icon \">\n\t\t\t<span class=\"module-timeline-date tf_box tf_textr\">\n\t\t\t\t\t  jan 2016\t\t\t<\/span>\n\t\t\t\t\t\t\t<div class=\"module-timeline-dot\"><\/div>\n\t\t\t\t\t\t\t<div class=\"module-timeline-content-wrap tf_box tf_right\">\n\t\t\t\t<div class=\"module-timeline-content\">\n\t\t\t\t\t\t\t\t\t\t\t<h2 class=\"module-timeline-title\">    \n\t\t\t\t\t\t\t\t\t\t\t\t\t\t\t\t   Tiers payant g\u00e9n\u00e9ralis\u00e9\t\t\t\t\t\t\t   \t\t\t\t\t\t<\/h2>\n\t\t\t\t\t\t\t\t\t\t\t\t\t\t\t\t\t\t\t\t\t<div class=\"entry-content\" itemprop=\"articleBody\">\n\t\t\t\t\t\t\t\t <p>Adaptation du progiciel en ad\u00e9quation avec la nouvelle loi sur le tiers payant g\u00e9n\u00e9ralis\u00e9 : le datamatrix est g\u00e9r\u00e9 et les web services IDB et CLC sont en cours d&rsquo;\u00e9criture.<\/p>\t\t\t\t\t\t<\/div><!-- \/.entry-content -->\n\t\t\t\t\t\t\t\t\t<\/div><!-- \/.timeline-content -->\n\t\t\t<\/div><!-- \/.timeline-content-wrap -->\n\t\t<\/li>\n\t\t\t<li id=\"timeline-8\" class=\"timeline-post without-icon \">\n\t\t\t<span class=\"module-timeline-date tf_box tf_textr\">\n\t\t\t\t\t  jan 2015\t\t\t<\/span>\n\t\t\t\t\t\t\t<div class=\"module-timeline-dot\"><\/div>\n\t\t\t\t\t\t\t<div class=\"module-timeline-content-wrap tf_box tf_right\">\n\t\t\t\t<div class=\"module-timeline-content\">\n\t\t\t\t\t\t\t\t\t\t\t<h2 class=\"module-timeline-title\">    \n\t\t\t\t\t\t\t\t\t\t\t\t\t\t\t\t   Expansion !\t\t\t\t\t\t\t   \t\t\t\t\t\t<\/h2>\n\t\t\t\t\t\t\t\t\t\t\t\t\t\t\t\t\t\t\t\t\t<div class=\"entry-content\" itemprop=\"articleBody\">\n\t\t\t\t\t\t\t\t <p>Cette ann\u00e9e nous recrutons deux personnes suppl\u00e9mentaires et Mutcible se dote d&rsquo;interfaces web (API). Il est interfac\u00e9 avec les centres de gestion sant\u00e9 les plus courants (Almerys, Actil, Viamedis &#8230;)<\/p>\t\t\t\t\t\t<\/div><!-- \/.entry-content -->\n\t\t\t\t\t\t\t\t\t<\/div><!-- \/.timeline-content -->\n\t\t\t<\/div><!-- \/.timeline-content-wrap -->\n\t\t<\/li>\n\t\t\t<li id=\"timeline-9\" class=\"timeline-post without-icon \">\n\t\t\t<span class=\"module-timeline-date tf_box tf_textr\">\n\t\t\t\t\t  jan 2013\t\t\t<\/span>\n\t\t\t\t\t\t\t<div class=\"module-timeline-dot\"><\/div>\n\t\t\t\t\t\t\t<div class=\"module-timeline-content-wrap tf_box tf_right\">\n\t\t\t\t<div class=\"module-timeline-content\">\n\t\t\t\t\t\t\t\t\t\t\t<h2 class=\"module-timeline-title\">    \n\t\t\t\t\t\t\t\t\t\t\t\t\t\t\t\t   Web 2.0\t\t\t\t\t\t\t   \t\t\t\t\t\t<\/h2>\n\t\t\t\t\t\t\t\t\t\t\t\t\t\t\t\t\t\t\t\t\t<div class=\"entry-content\" itemprop=\"articleBody\">\n\t\t\t\t\t\t\t\t <p>Mutcible s&rsquo;\u00e9tend sur le net avec Mutcible Net. A la fois Plateforme de consultation des d\u00e9comptes pour les adh\u00e9rents et les professionnels de sant\u00e9, Mutcible Net accueille aussi les groupes collectifs et les courtiers.<\/p>\t\t\t\t\t\t<\/div><!-- \/.entry-content -->\n\t\t\t\t\t\t\t\t\t<\/div><!-- \/.timeline-content -->\n\t\t\t<\/div><!-- \/.timeline-content-wrap -->\n\t\t<\/li>\n\t\t\t<li id=\"timeline-10\" class=\"timeline-post without-icon \">\n\t\t\t<span class=\"module-timeline-date tf_box tf_textr\">\n\t\t\t\t\t  Sep 2012\t\t\t<\/span>\n\t\t\t\t\t\t\t<div class=\"module-timeline-dot\"><\/div>\n\t\t\t\t\t\t\t<div class=\"module-timeline-content-wrap tf_box tf_right\">\n\t\t\t\t<div class=\"module-timeline-content\">\n\t\t\t\t\t\t\t\t\t\t\t<h2 class=\"module-timeline-title\">    \n\t\t\t\t\t\t\t\t\t\t\t\t\t\t\t\t   Premiers clients en production\t\t\t\t\t\t\t   \t\t\t\t\t\t<\/h2>\n\t\t\t\t\t\t\t\t\t\t\t\t\t\t\t\t\t\t\t\t\t<div class=\"entry-content\" itemprop=\"articleBody\">\n\t\t\t\t\t\t\t\t <p>Les installations vont s\u2019encha\u00eener. Le progiciel Mutcible entre en production. La soci\u00e9t\u00e9 s&rsquo;agrandit d&rsquo;un salari\u00e9. Le produit SQLCible prend forme cette ann\u00e9e aussi.<\/p>\t\t\t\t\t\t<\/div><!-- \/.entry-content -->\n\t\t\t\t\t\t\t\t\t<\/div><!-- \/.timeline-content -->\n\t\t\t<\/div><!-- \/.timeline-content-wrap -->\n\t\t<\/li>\n\t\t\t<li id=\"timeline-11\" class=\"timeline-post without-icon \">\n\t\t\t<span class=\"module-timeline-date tf_box tf_textr\">\n\t\t\t\t\t  Dec 2011\t\t\t<\/span>\n\t\t\t\t\t\t\t<div class=\"module-timeline-dot\"><\/div>\n\t\t\t\t\t\t\t<div class=\"module-timeline-content-wrap tf_box tf_right\">\n\t\t\t\t<div class=\"module-timeline-content\">\n\t\t\t\t\t\t\t\t\t\t\t<h2 class=\"module-timeline-title\">    \n\t\t\t\t\t\t\t\t\t\t\t\t\t\t\t\t   Mutcible entre en phase RC\t\t\t\t\t\t\t   \t\t\t\t\t\t<\/h2>\n\t\t\t\t\t\t\t\t\t\t\t\t\t\t\t\t\t\t\t\t\t<div class=\"entry-content\" itemprop=\"articleBody\">\n\t\t\t\t\t\t\t\t <p>L&rsquo;\u00e9criture du logiciel \u00e0 mis deux ans ! Les bases sont solides et la premi\u00e8re version \u00ab\u00a0Release Cadidate\u00a0\u00bb est pr\u00eate.<\/p>\t\t\t\t\t\t<\/div><!-- \/.entry-content -->\n\t\t\t\t\t\t\t\t\t<\/div><!-- \/.timeline-content -->\n\t\t\t<\/div><!-- \/.timeline-content-wrap -->\n\t\t<\/li>\n\t\t\t<li id=\"timeline-12\" class=\"timeline-post without-icon \">\n\t\t\t<span class=\"module-timeline-date tf_box tf_textr\">\n\t\t\t\t\t  Sep 2009\t\t\t<\/span>\n\t\t\t\t\t\t\t<div class=\"module-timeline-dot\"><\/div>\n\t\t\t\t\t\t\t<div class=\"module-timeline-content-wrap tf_box tf_right\">\n\t\t\t\t<div class=\"module-timeline-content\">\n\t\t\t\t\t\t\t\t\t\t\t<h2 class=\"module-timeline-title\">    \n\t\t\t\t\t\t\t\t\t\t\t\t\t\t\t\t   Cr\u00e9ation de CIBLEMUT\t\t\t\t\t\t\t   \t\t\t\t\t\t<\/h2>\n\t\t\t\t\t\t\t\t\t\t\t\t\t\t\t\t\t\t\t\t\t<div class=\"entry-content\" itemprop=\"articleBody\">\n\t\t\t\t\t\t\t\t <p>Les deux fondateurs d\u00e9cident de cr\u00e9er une soci\u00e9t\u00e9 de service d\u00e9di\u00e9e aux Mutuelles et \u00e0 leur gestion : CIBLEMUT est n\u00e9e.<\/p>\t\t\t\t\t\t<\/div><!-- \/.entry-content -->\n\t\t\t\t\t\t\t\t\t<\/div><!-- \/.timeline-content -->\n\t\t\t<\/div><!-- \/.timeline-content-wrap -->\n\t\t<\/li>\n\t<\/ul><\/div>\n<!-- \/module timeline -->        <\/div>\n                        <\/div>\n        <\/div>\n                        <div  data-lazy=\"1\" class=\"module_row themify_builder_row tb_55za433 tf_w\">\n            <span  class=\"builder_row_cover tf_abs\" data-lazy=\"1\"><\/span>            <div class=\"row_inner col_align_top tb_col_count_1 tf_box tf_rel\">\n                        <div  data-lazy=\"1\" class=\"module_column tb-column col-full tb_pnmq600 first\">\n                    <!-- module text -->\n<div  class=\"module module-text tb_r58q987   \" data-lazy=\"1\">\n        <div  class=\"tb_text_wrap\">\n        <h2>Discutons de votre projet !<\/h2>    <\/div>\n<\/div>\n<!-- \/module text --><!-- module buttons -->\n<div  class=\"module module-buttons tb_1t7j084 buttons-horizontal outline \" data-lazy=\"1\">\n        <div class=\"module-buttons-item tf_in_flx\">\n                        <a href=\"https:\/\/www.ciblemut.net\/cible\/contact\/\" class=\"ui builder_button tf_in_flx tb_default_color\" >\n                                                Contactez nous                                        <\/a>\n                <\/div>\n            <\/div>\n<!-- \/module buttons -->\n        <\/div>\n                        <\/div>\n        <\/div>\n        <\/div>\n<!--\/themify_builder_content-->","protected":false},"excerpt":{"rendered":"<p>A propos de nous Ciblemut, votre partenaire et conseil pour votre solution informatique Mutuelle Sant\u00e9 Quelques moments cl\u00e9s &#8230; 2019 &#8211; 2020 Evolution Mise en place d&rsquo;APIs pour consolider la site logicielle Mutcible : SMS (unitaires et en campagne) Emailing (campagnes) D\u00e9marrage de MutcibleConnect, l\u2019extranet d\u00e9di\u00e9 aux Adh\u00e9rents, Groupes, Courtiers et Professionnels de sant\u00e9. Avril [&hellip;]<\/p>\n","protected":false},"author":1,"featured_media":0,"parent":0,"menu_order":0,"comment_status":"closed","ping_status":"closed","template":"","meta":{"jetpack_post_was_ever_published":false,"footnotes":""},"class_list":["post-4","page","type-page","status-publish","hentry","has-post-title","has-post-date","has-post-category","has-post-tag","has-post-comment","has-post-author",""],"yoast_head":"<!-- This site is optimized with the Yoast SEO plugin v27.1 - https:\/\/yoast.com\/product\/yoast-seo-wordpress\/ -->\n<title>A-Propos - Moments cl\u00e9s - Ciblemut<\/title>\n<meta name=\"robots\" content=\"index, follow, max-snippet:-1, max-image-preview:large, max-video-preview:-1\" \/>\n<link rel=\"canonical\" href=\"https:\/\/ciblemut.net\/cible\/a-propos-moments-cles\/\" \/>\n<meta property=\"og:locale\" content=\"fr_FR\" \/>\n<meta property=\"og:type\" content=\"article\" \/>\n<meta property=\"og:title\" content=\"A-Propos - Moments cl\u00e9s - Ciblemut\" \/>\n<meta property=\"og:description\" content=\"A propos de nous Ciblemut, votre partenaire et conseil pour votre solution informatique Mutuelle Sant\u00e9 Quelques moments cl\u00e9s &#8230; 2019 &#8211; 2020 Evolution Mise en place d&rsquo;APIs pour consolider la site logicielle Mutcible : SMS (unitaires et en campagne) Emailing (campagnes) D\u00e9marrage de MutcibleConnect, l\u2019extranet d\u00e9di\u00e9 aux Adh\u00e9rents, Groupes, Courtiers et Professionnels de sant\u00e9. Avril [&hellip;]\" \/>\n<meta property=\"og:url\" content=\"https:\/\/ciblemut.net\/cible\/a-propos-moments-cles\/\" \/>\n<meta property=\"og:site_name\" content=\"Ciblemut\" \/>\n<meta property=\"article:publisher\" content=\"https:\/\/www.facebook.com\/pages\/Ciblemut\/432850306794632\" \/>\n<meta property=\"article:modified_time\" content=\"2023-04-15T13:47:17+00:00\" \/>\n<meta name=\"twitter:label1\" content=\"Dur\u00e9e de lecture estim\u00e9e\" \/>\n\t<meta name=\"twitter:data1\" content=\"2 minutes\" \/>\n<script type=\"application\/ld+json\" class=\"yoast-schema-graph\">{\"@context\":\"https:\/\/schema.org\",\"@graph\":[{\"@type\":\"WebPage\",\"@id\":\"https:\/\/ciblemut.net\/cible\/a-propos-moments-cles\/\",\"url\":\"https:\/\/ciblemut.net\/cible\/a-propos-moments-cles\/\",\"name\":\"A-Propos - Moments cl\u00e9s - Ciblemut\",\"isPartOf\":{\"@id\":\"https:\/\/ciblemut.net\/cible\/#website\"},\"datePublished\":\"2016-08-03T12:30:04+00:00\",\"dateModified\":\"2023-04-15T13:47:17+00:00\",\"breadcrumb\":{\"@id\":\"https:\/\/ciblemut.net\/cible\/a-propos-moments-cles\/#breadcrumb\"},\"inLanguage\":\"fr-FR\",\"potentialAction\":[{\"@type\":\"ReadAction\",\"target\":[\"https:\/\/ciblemut.net\/cible\/a-propos-moments-cles\/\"]}]},{\"@type\":\"BreadcrumbList\",\"@id\":\"https:\/\/ciblemut.net\/cible\/a-propos-moments-cles\/#breadcrumb\",\"itemListElement\":[{\"@type\":\"ListItem\",\"position\":1,\"name\":\"Accueil\",\"item\":\"https:\/\/ciblemut.net\/cible\/\"},{\"@type\":\"ListItem\",\"position\":2,\"name\":\"A-Propos &#8211; Moments cl\u00e9s\"}]},{\"@type\":\"WebSite\",\"@id\":\"https:\/\/ciblemut.net\/cible\/#website\",\"url\":\"https:\/\/ciblemut.net\/cible\/\",\"name\":\"Ciblemut\",\"description\":\"Viser la qualit\u00e9 de service\",\"potentialAction\":[{\"@type\":\"SearchAction\",\"target\":{\"@type\":\"EntryPoint\",\"urlTemplate\":\"https:\/\/ciblemut.net\/cible\/?s={search_term_string}\"},\"query-input\":{\"@type\":\"PropertyValueSpecification\",\"valueRequired\":true,\"valueName\":\"search_term_string\"}}],\"inLanguage\":\"fr-FR\"}]}<\/script>\n<!-- \/ Yoast SEO plugin. -->","yoast_head_json":{"title":"A-Propos - Moments cl\u00e9s - Ciblemut","robots":{"index":"index","follow":"follow","max-snippet":"max-snippet:-1","max-image-preview":"max-image-preview:large","max-video-preview":"max-video-preview:-1"},"canonical":"https:\/\/ciblemut.net\/cible\/a-propos-moments-cles\/","og_locale":"fr_FR","og_type":"article","og_title":"A-Propos - Moments cl\u00e9s - Ciblemut","og_description":"A propos de nous Ciblemut, votre partenaire et conseil pour votre solution informatique Mutuelle Sant\u00e9 Quelques moments cl\u00e9s &#8230; 2019 &#8211; 2020 Evolution Mise en place d&rsquo;APIs pour consolider la site logicielle Mutcible : SMS (unitaires et en campagne) Emailing (campagnes) D\u00e9marrage de MutcibleConnect, l\u2019extranet d\u00e9di\u00e9 aux Adh\u00e9rents, Groupes, Courtiers et Professionnels de sant\u00e9. Avril [&hellip;]","og_url":"https:\/\/ciblemut.net\/cible\/a-propos-moments-cles\/","og_site_name":"Ciblemut","article_publisher":"https:\/\/www.facebook.com\/pages\/Ciblemut\/432850306794632","article_modified_time":"2023-04-15T13:47:17+00:00","twitter_misc":{"Dur\u00e9e de lecture estim\u00e9e":"2 minutes"},"schema":{"@context":"https:\/\/schema.org","@graph":[{"@type":"WebPage","@id":"https:\/\/ciblemut.net\/cible\/a-propos-moments-cles\/","url":"https:\/\/ciblemut.net\/cible\/a-propos-moments-cles\/","name":"A-Propos - Moments cl\u00e9s - Ciblemut","isPartOf":{"@id":"https:\/\/ciblemut.net\/cible\/#website"},"datePublished":"2016-08-03T12:30:04+00:00","dateModified":"2023-04-15T13:47:17+00:00","breadcrumb":{"@id":"https:\/\/ciblemut.net\/cible\/a-propos-moments-cles\/#breadcrumb"},"inLanguage":"fr-FR","potentialAction":[{"@type":"ReadAction","target":["https:\/\/ciblemut.net\/cible\/a-propos-moments-cles\/"]}]},{"@type":"BreadcrumbList","@id":"https:\/\/ciblemut.net\/cible\/a-propos-moments-cles\/#breadcrumb","itemListElement":[{"@type":"ListItem","position":1,"name":"Accueil","item":"https:\/\/ciblemut.net\/cible\/"},{"@type":"ListItem","position":2,"name":"A-Propos &#8211; Moments cl\u00e9s"}]},{"@type":"WebSite","@id":"https:\/\/ciblemut.net\/cible\/#website","url":"https:\/\/ciblemut.net\/cible\/","name":"Ciblemut","description":"Viser la qualit\u00e9 de service","potentialAction":[{"@type":"SearchAction","target":{"@type":"EntryPoint","urlTemplate":"https:\/\/ciblemut.net\/cible\/?s={search_term_string}"},"query-input":{"@type":"PropertyValueSpecification","valueRequired":true,"valueName":"search_term_string"}}],"inLanguage":"fr-FR"}]}},"jetpack_sharing_enabled":false,"_links":{"self":[{"href":"https:\/\/ciblemut.net\/cible\/wp-json\/wp\/v2\/pages\/4","targetHints":{"allow":["GET"]}}],"collection":[{"href":"https:\/\/ciblemut.net\/cible\/wp-json\/wp\/v2\/pages"}],"about":[{"href":"https:\/\/ciblemut.net\/cible\/wp-json\/wp\/v2\/types\/page"}],"author":[{"embeddable":true,"href":"https:\/\/ciblemut.net\/cible\/wp-json\/wp\/v2\/users\/1"}],"replies":[{"embeddable":true,"href":"https:\/\/ciblemut.net\/cible\/wp-json\/wp\/v2\/comments?post=4"}],"version-history":[{"count":7,"href":"https:\/\/ciblemut.net\/cible\/wp-json\/wp\/v2\/pages\/4\/revisions"}],"predecessor-version":[{"id":2440,"href":"https:\/\/ciblemut.net\/cible\/wp-json\/wp\/v2\/pages\/4\/revisions\/2440"}],"wp:attachment":[{"href":"https:\/\/ciblemut.net\/cible\/wp-json\/wp\/v2\/media?parent=4"}],"curies":[{"name":"wp","href":"https:\/\/api.w.org\/{rel}","templated":true}]}}